{"id":116,"date":"2026-08-31T17:12:59","date_gmt":"2026-08-31T20:12:59","guid":{"rendered":"https:\/\/saudeanimatv.com.br\/?page_id=116"},"modified":"2026-09-04T13:06:36","modified_gmt":"2026-09-04T16:06:36","slug":"pacotes","status":"publish","type":"page","link":"https:\/\/saudeanimatv.com.br\/en\/pacotes\/","title":{"rendered":"Packages"},"content":{"rendered":"","protected":false},"excerpt":{"rendered":"","protected":false},"author":1,"featured_media":0,"parent":0,"menu_order":0,"comment_status":"closed","ping_status":"closed","template":"","meta":{"footnotes":""},"class_list":["post-116","page","type-page","status-publish","hentry"],"yoast_head":"<!-- This site is optimized with the Yoast SEO plugin v28.4 - https:\/\/yoast.com\/product\/yoast-seo-wordpress\/ -->\n<title>Planos e Pre\u00e7os | Pacotes | Sa\u00fade Anima TV para Cl\u00ednicas<\/title>\n<meta name=\"description\" content=\"Conhe\u00e7a os planos Starter, Premium, Exclusive e Enterprise da Sa\u00fade Anima TV. Programa\u00e7\u00e3o de sa\u00fade personalizada para sua cl\u00ednica a partir de R$ 239\/m\u00eas.\" \/>\n<meta name=\"robots\" content=\"index, follow, max-snippet:-1, max-image-preview:large, max-video-preview:-1\" \/>\n<link rel=\"canonical\" href=\"https:\/\/saudeanimatv.com.br\/en\/pacotes\/\" \/>\n<meta property=\"og:locale\" content=\"en_US\" \/>\n<meta property=\"og:type\" content=\"article\" \/>\n<meta property=\"og:title\" content=\"Planos e Pre\u00e7os | Pacotes | Sa\u00fade Anima TV para Cl\u00ednicas\" \/>\n<meta property=\"og:description\" content=\"Conhe\u00e7a os planos Starter, Premium, Exclusive e Enterprise da Sa\u00fade Anima TV. Programa\u00e7\u00e3o de sa\u00fade personalizada para sua cl\u00ednica a partir de R$ 239\/m\u00eas.\" \/>\n<meta property=\"og:url\" content=\"https:\/\/saudeanimatv.com.br\/en\/pacotes\/\" \/>\n<meta property=\"og:site_name\" content=\"Sa\u00fade Anima TV\" \/>\n<meta property=\"article:modified_time\" content=\"2026-09-04T16:06:36+00:00\" \/>\n<meta name=\"twitter:card\" content=\"summary_large_image\" \/>\n<script type=\"application\/ld+json\" class=\"yoast-schema-graph\">{\"@context\":\"https:\\\/\\\/schema.org\",\"@graph\":[{\"@type\":\"WebPage\",\"@id\":\"https:\\\/\\\/saudeanimatv.com.br\\\/en\\\/pacotes\\\/\",\"url\":\"https:\\\/\\\/saudeanimatv.com.br\\\/en\\\/pacotes\\\/\",\"name\":\"Planos e Pre\u00e7os | Pacotes | Sa\u00fade Anima TV para Cl\u00ednicas\",\"isPartOf\":{\"@id\":\"https:\\\/\\\/saudeanimatv.com.br\\\/#website\"},\"datePublished\":\"2026-08-31T20:12:59+00:00\",\"dateModified\":\"2026-09-04T16:06:36+00:00\",\"description\":\"Conhe\u00e7a os planos Starter, Premium, Exclusive e Enterprise da Sa\u00fade Anima TV. Programa\u00e7\u00e3o de sa\u00fade personalizada para sua cl\u00ednica a partir de R$ 239\\\/m\u00eas.\",\"breadcrumb\":{\"@id\":\"https:\\\/\\\/saudeanimatv.com.br\\\/en\\\/pacotes\\\/#breadcrumb\"},\"inLanguage\":\"en-US\",\"potentialAction\":[{\"@type\":\"ReadAction\",\"target\":[\"https:\\\/\\\/saudeanimatv.com.br\\\/en\\\/pacotes\\\/\"]}]},{\"@type\":\"BreadcrumbList\",\"@id\":\"https:\\\/\\\/saudeanimatv.com.br\\\/en\\\/pacotes\\\/#breadcrumb\",\"itemListElement\":[{\"@type\":\"ListItem\",\"position\":1,\"name\":\"In\u00edcio\",\"item\":\"https:\\\/\\\/saudeanimatv.com.br\\\/\"},{\"@type\":\"ListItem\",\"position\":2,\"name\":\"Pacotes\"}]},{\"@type\":\"WebSite\",\"@id\":\"https:\\\/\\\/saudeanimatv.com.br\\\/#website\",\"url\":\"https:\\\/\\\/saudeanimatv.com.br\\\/\",\"name\":\"Sa\u00fade Anima TV\",\"description\":\"\",\"publisher\":{\"@id\":\"https:\\\/\\\/saudeanimatv.com.br\\\/#organization\"},\"potentialAction\":[{\"@type\":\"SearchAction\",\"target\":{\"@type\":\"EntryPoint\",\"urlTemplate\":\"https:\\\/\\\/saudeanimatv.com.br\\\/?s={search_term_string}\"},\"query-input\":{\"@type\":\"PropertyValueSpecification\",\"valueRequired\":true,\"valueName\":\"search_term_string\"}}],\"inLanguage\":\"en-US\"},{\"@type\":\"Organization\",\"@id\":\"https:\\\/\\\/saudeanimatv.com.br\\\/#organization\",\"name\":\"Sa\u00fade Anima TV\",\"url\":\"https:\\\/\\\/saudeanimatv.com.br\\\/\",\"logo\":{\"@type\":\"ImageObject\",\"inLanguage\":\"en-US\",\"@id\":\"https:\\\/\\\/saudeanimatv.com.br\\\/#\\\/schema\\\/logo\\\/image\\\/\",\"url\":\"https:\\\/\\\/saudeanimatv.com.br\\\/wp-content\\\/uploads\\\/2026\\\/04\\\/cropped-LOGO.png\",\"contentUrl\":\"https:\\\/\\\/saudeanimatv.com.br\\\/wp-content\\\/uploads\\\/2026\\\/04\\\/cropped-LOGO.png\",\"width\":294,\"height\":280,\"caption\":\"Sa\u00fade Anima TV\"},\"image\":{\"@id\":\"https:\\\/\\\/saudeanimatv.com.br\\\/#\\\/schema\\\/logo\\\/image\\\/\"}}]}<\/script>\n<!-- \/ Yoast SEO plugin. -->","yoast_head_json":{"title":"Planos e Pre\u00e7os | Pacotes | Sa\u00fade Anima TV para Cl\u00ednicas","description":"Conhe\u00e7a os planos Starter, Premium, Exclusive e Enterprise da Sa\u00fade Anima TV. Programa\u00e7\u00e3o de sa\u00fade personalizada para sua cl\u00ednica a partir de R$ 239\/m\u00eas.","robots":{"index":"index","follow":"follow","max-snippet":"max-snippet:-1","max-image-preview":"max-image-preview:large","max-video-preview":"max-video-preview:-1"},"canonical":"https:\/\/saudeanimatv.com.br\/en\/pacotes\/","og_locale":"en_US","og_type":"article","og_title":"Planos e Pre\u00e7os | Pacotes | Sa\u00fade Anima TV para Cl\u00ednicas","og_description":"Conhe\u00e7a os planos Starter, Premium, Exclusive e Enterprise da Sa\u00fade Anima TV. Programa\u00e7\u00e3o de sa\u00fade personalizada para sua cl\u00ednica a partir de R$ 239\/m\u00eas.","og_url":"https:\/\/saudeanimatv.com.br\/en\/pacotes\/","og_site_name":"Sa\u00fade Anima TV","article_modified_time":"2026-09-04T16:06:36+00:00","twitter_card":"summary_large_image","schema":{"@context":"https:\/\/schema.org","@graph":[{"@type":"WebPage","@id":"https:\/\/saudeanimatv.com.br\/en\/pacotes\/","url":"https:\/\/saudeanimatv.com.br\/en\/pacotes\/","name":"Planos e Pre\u00e7os | Pacotes | Sa\u00fade Anima TV para Cl\u00ednicas","isPartOf":{"@id":"https:\/\/saudeanimatv.com.br\/#website"},"datePublished":"2026-08-31T20:12:59+00:00","dateModified":"2026-09-04T16:06:36+00:00","description":"Conhe\u00e7a os planos Starter, Premium, Exclusive e Enterprise da Sa\u00fade Anima TV. Programa\u00e7\u00e3o de sa\u00fade personalizada para sua cl\u00ednica a partir de R$ 239\/m\u00eas.","breadcrumb":{"@id":"https:\/\/saudeanimatv.com.br\/en\/pacotes\/#breadcrumb"},"inLanguage":"en-US","potentialAction":[{"@type":"ReadAction","target":["https:\/\/saudeanimatv.com.br\/en\/pacotes\/"]}]},{"@type":"BreadcrumbList","@id":"https:\/\/saudeanimatv.com.br\/en\/pacotes\/#breadcrumb","itemListElement":[{"@type":"ListItem","position":1,"name":"In\u00edcio","item":"https:\/\/saudeanimatv.com.br\/"},{"@type":"ListItem","position":2,"name":"Pacotes"}]},{"@type":"WebSite","@id":"https:\/\/saudeanimatv.com.br\/#website","url":"https:\/\/saudeanimatv.com.br\/","name":"Sa\u00fade Anima TV","description":"","publisher":{"@id":"https:\/\/saudeanimatv.com.br\/#organization"},"potentialAction":[{"@type":"SearchAction","target":{"@type":"EntryPoint","urlTemplate":"https:\/\/saudeanimatv.com.br\/?s={search_term_string}"},"query-input":{"@type":"PropertyValueSpecification","valueRequired":true,"valueName":"search_term_string"}}],"inLanguage":"en-US"},{"@type":"Organization","@id":"https:\/\/saudeanimatv.com.br\/#organization","name":"Sa\u00fade Anima TV","url":"https:\/\/saudeanimatv.com.br\/","logo":{"@type":"ImageObject","inLanguage":"en-US","@id":"https:\/\/saudeanimatv.com.br\/#\/schema\/logo\/image\/","url":"https:\/\/saudeanimatv.com.br\/wp-content\/uploads\/2026\/04\/cropped-LOGO.png","contentUrl":"https:\/\/saudeanimatv.com.br\/wp-content\/uploads\/2026\/04\/cropped-LOGO.png","width":294,"height":280,"caption":"Sa\u00fade Anima TV"},"image":{"@id":"https:\/\/saudeanimatv.com.br\/#\/schema\/logo\/image\/"}}]}},"_links":{"self":[{"href":"https:\/\/saudeanimatv.com.br\/en\/wp-json\/wp\/v2\/pages\/116","targetHints":{"allow":["GET"]}}],"collection":[{"href":"https:\/\/saudeanimatv.com.br\/en\/wp-json\/wp\/v2\/pages"}],"about":[{"href":"https:\/\/saudeanimatv.com.br\/en\/wp-json\/wp\/v2\/types\/page"}],"author":[{"embeddable":true,"href":"https:\/\/saudeanimatv.com.br\/en\/wp-json\/wp\/v2\/users\/1"}],"replies":[{"embeddable":true,"href":"https:\/\/saudeanimatv.com.br\/en\/wp-json\/wp\/v2\/comments?post=116"}],"version-history":[{"count":1,"href":"https:\/\/saudeanimatv.com.br\/en\/wp-json\/wp\/v2\/pages\/116\/revisions"}],"predecessor-version":[{"id":117,"href":"https:\/\/saudeanimatv.com.br\/en\/wp-json\/wp\/v2\/pages\/116\/revisions\/117"}],"wp:attachment":[{"href":"https:\/\/saudeanimatv.com.br\/en\/wp-json\/wp\/v2\/media?parent=116"}],"curies":[{"name":"wp","href":"https:\/\/api.w.org\/{rel}","templated":true}]}}

<!-- This site is optimized with the Yoast SEO plugin v28.4 - https://yoast.com/product/yoast-seo-wordpress/ -->
<title>Planos e Preços | Pacotes | Saúde Anima TV para Clínicas</title>
<meta name="description" content="Conheça os planos Starter, Premium, Exclusive e Enterprise da Saúde Anima TV. Programação de saúde personalizada para sua clínica a partir de R$ 239/mês." />
<meta name="robots" content="index, follow, max-snippet:-1, max-image-preview:large, max-video-preview:-1" />
<link rel="canonical" href="https://saudeanimatv.com.br/en/pacotes/" />
<meta property="og:locale" content="en_US" />
<meta property="og:type" content="article" />
<meta property="og:title" content="Planos e Preços | Pacotes | Saúde Anima TV para Clínicas" />
<meta property="og:description" content="Conheça os planos Starter, Premium, Exclusive e Enterprise da Saúde Anima TV. Programação de saúde personalizada para sua clínica a partir de R$ 239/mês." />
<meta property="og:url" content="https://saudeanimatv.com.br/en/pacotes/" />
<meta property="og:site_name" content="Saúde Anima TV" />
<meta property="article:modified_time" content="2026-09-04T16:06:36+00:00" />
<meta name="twitter:card" content="summary_large_image" />
<script type="application/ld+json" class="yoast-schema-graph">{"@context":"https:\/\/schema.org","@graph":[{"@type":"WebPage","@id":"https:\/\/saudeanimatv.com.br\/en\/pacotes\/","url":"https:\/\/saudeanimatv.com.br\/en\/pacotes\/","name":"Planos e Preços | Pacotes | Saúde Anima TV para Clínicas","isPartOf":{"@id":"https:\/\/saudeanimatv.com.br\/#website"},"datePublished":"2026-08-31T20:12:59+00:00","dateModified":"2026-09-04T16:06:36+00:00","description":"Conheça os planos Starter, Premium, Exclusive e Enterprise da Saúde Anima TV. Programação de saúde personalizada para sua clínica a partir de R$ 239\/mês.","breadcrumb":{"@id":"https:\/\/saudeanimatv.com.br\/en\/pacotes\/#breadcrumb"},"inLanguage":"en-US","potentialAction":[{"@type":"ReadAction","target":["https:\/\/saudeanimatv.com.br\/en\/pacotes\/"]}]},{"@type":"BreadcrumbList","@id":"https:\/\/saudeanimatv.com.br\/en\/pacotes\/#breadcrumb","itemListElement":[{"@type":"ListItem","position":1,"name":"Início","item":"https:\/\/saudeanimatv.com.br\/"},{"@type":"ListItem","position":2,"name":"Pacotes"}]},{"@type":"WebSite","@id":"https:\/\/saudeanimatv.com.br\/#website","url":"https:\/\/saudeanimatv.com.br\/","name":"Saúde Anima TV","description":"","publisher":{"@id":"https:\/\/saudeanimatv.com.br\/#organization"},"potentialAction":[{"@type":"SearchAction","target":{"@type":"EntryPoint","urlTemplate":"https:\/\/saudeanimatv.com.br\/?s={search_term_string}"},"query-input":{"@type":"PropertyValueSpecification","valueRequired":true,"valueName":"search_term_string"}}],"inLanguage":"en-US"},{"@type":"Organization","@id":"https:\/\/saudeanimatv.com.br\/#organization","name":"Saúde Anima TV","url":"https:\/\/saudeanimatv.com.br\/","logo":{"@type":"ImageObject","inLanguage":"en-US","@id":"https:\/\/saudeanimatv.com.br\/#\/schema\/logo\/image\/","url":"https:\/\/saudeanimatv.com.br\/wp-content\/uploads\/2026\/04\/cropped-LOGO.png","contentUrl":"https:\/\/saudeanimatv.com.br\/wp-content\/uploads\/2026\/04\/cropped-LOGO.png","width":294,"height":280,"caption":"Saúde Anima TV"},"image":{"@id":"https:\/\/saudeanimatv.com.br\/#\/schema\/logo\/image\/"}}]}</script>
<!-- / Yoast SEO plugin. -->

Planos e Preços | Pacotes | Saúde Anima TV para Clínicas

Conheça os planos Starter, Premium, Exclusive e Enterprise da Saúde Anima TV. Programação de saúde personalizada para sua clínica a partir de R$ 239/mês.

Saúde Anima TV

Início
